{"id":2343,"date":"2025-09-02T10:45:26","date_gmt":"2025-09-02T13:45:26","guid":{"rendered":"https:\/\/mandohome.com.ar\/tienda\/?post_type=product&#038;p=2343"},"modified":"2026-04-15T10:56:26","modified_gmt":"2026-04-15T13:56:26","slug":"wanders","status":"publish","type":"product","link":"https:\/\/mandohome.com.ar\/tienda\/producto\/wanders\/","title":{"rendered":"Escultura rueda madera WANDERS"},"content":{"rendered":"<p>Adorno r\u00fastico realizado en madera natural con aros met\u00e1licos. Su dise\u00f1o cil\u00edndrico conserva las vetas, texturas y grietas originales de la madera, lo que le otorga un car\u00e1cter aut\u00e9ntico y \u00fanico. Ideal para ambientaciones de estilo industrial, vintage o de campo, aportando calidez y un toque artesanal a la decoraci\u00f3n.<\/p>\n","protected":false},"excerpt":{"rendered":"<p>Adorno r\u00fastico realizado en madera natural con aros met\u00e1licos. Su dise\u00f1o cil\u00edndrico conserva las vetas, texturas y grietas originales de la madera, lo que le otorga un car\u00e1cter aut\u00e9ntico y \u00fanico. Ideal para ambientaciones de estilo industrial, vintage o de campo, aportando calidez y un toque artesanal a la decoraci\u00f3n.<\/p>\n","protected":false},"featured_media":2799,"template":"","meta":{"_gspb_post_css":"","_uag_custom_page_level_css":"","_themeisle_gutenberg_block_has_review":false},"product_brand":[],"product_cat":[117,81],"product_tag":[],"class_list":{"0":"post-2343","1":"product","2":"type-product","3":"status-publish","4":"has-post-thumbnail","6":"product_cat-decoracion","7":"product_cat-esculturas","9":"first","10":"instock","11":"shipping-taxable","12":"product-type-external"},"uagb_featured_image_src":{"full":["https:\/\/mandohome.com.ar\/tienda\/wp-content\/uploads\/2025\/09\/ChatGPT-Image-24-feb-2026-13_06_57.png",1024,1536,false],"thumbnail":["https:\/\/mandohome.com.ar\/tienda\/wp-content\/uploads\/2025\/09\/ChatGPT-Image-24-feb-2026-13_06_57-150x150.png",150,150,true],"medium":["https:\/\/mandohome.com.ar\/tienda\/wp-content\/uploads\/2025\/09\/ChatGPT-Image-24-feb-2026-13_06_57-200x300.png",200,300,true],"medium_large":["https:\/\/mandohome.com.ar\/tienda\/wp-content\/uploads\/2025\/09\/ChatGPT-Image-24-feb-2026-13_06_57-768x1152.png",768,1152,true],"large":["https:\/\/mandohome.com.ar\/tienda\/wp-content\/uploads\/2025\/09\/ChatGPT-Image-24-feb-2026-13_06_57-683x1024.png",683,1024,true],"1536x1536":["https:\/\/mandohome.com.ar\/tienda\/wp-content\/uploads\/2025\/09\/ChatGPT-Image-24-feb-2026-13_06_57.png",1024,1536,false],"2048x2048":["https:\/\/mandohome.com.ar\/tienda\/wp-content\/uploads\/2025\/09\/ChatGPT-Image-24-feb-2026-13_06_57.png",1024,1536,false],"woocommerce_archive_thumbnail":["https:\/\/mandohome.com.ar\/tienda\/wp-content\/uploads\/2025\/09\/ChatGPT-Image-24-feb-2026-13_06_57-300x450.png",300,450,true],"woocommerce_thumbnail":["https:\/\/mandohome.com.ar\/tienda\/wp-content\/uploads\/2025\/09\/ChatGPT-Image-24-feb-2026-13_06_57-300x300.png",300,300,true],"woocommerce_single":["https:\/\/mandohome.com.ar\/tienda\/wp-content\/uploads\/2025\/09\/ChatGPT-Image-24-feb-2026-13_06_57-600x900.png",600,900,true],"woocommerce_gallery_thumbnail":["https:\/\/mandohome.com.ar\/tienda\/wp-content\/uploads\/2025\/09\/ChatGPT-Image-24-feb-2026-13_06_57-100x100.png",100,100,true]},"uagb_author_info":{"display_name":"CortexDigital","author_link":"https:\/\/mandohome.com.ar\/tienda\/author\/"},"uagb_comment_info":0,"uagb_excerpt":"Adorno r\u00fastico realizado en madera natural con aros met\u00e1licos. Su dise\u00f1o cil\u00edndrico conserva las vetas, texturas y grietas originales de la madera, lo que le otorga un car\u00e1cter aut\u00e9ntico y \u00fanico. Ideal para ambientaciones de estilo industrial, vintage o de campo, aportando calidez y un toque artesanal a la decoraci\u00f3n.","jetpack_sharing_enabled":true,"_links":{"self":[{"href":"https:\/\/mandohome.com.ar\/tienda\/wp-json\/wp\/v2\/product\/2343","targetHints":{"allow":["GET"]}}],"collection":[{"href":"https:\/\/mandohome.com.ar\/tienda\/wp-json\/wp\/v2\/product"}],"about":[{"href":"https:\/\/mandohome.com.ar\/tienda\/wp-json\/wp\/v2\/types\/product"}],"wp:featuredmedia":[{"embeddable":true,"href":"https:\/\/mandohome.com.ar\/tienda\/wp-json\/wp\/v2\/media\/2799"}],"wp:attachment":[{"href":"https:\/\/mandohome.com.ar\/tienda\/wp-json\/wp\/v2\/media?parent=2343"}],"wp:term":[{"taxonomy":"product_brand","embeddable":true,"href":"https:\/\/mandohome.com.ar\/tienda\/wp-json\/wp\/v2\/product_brand?post=2343"},{"taxonomy":"product_cat","embeddable":true,"href":"https:\/\/mandohome.com.ar\/tienda\/wp-json\/wp\/v2\/product_cat?post=2343"},{"taxonomy":"product_tag","embeddable":true,"href":"https:\/\/mandohome.com.ar\/tienda\/wp-json\/wp\/v2\/product_tag?post=2343"}],"curies":[{"name":"wp","href":"https:\/\/api.w.org\/{rel}","templated":true}]}}