{"id":2356,"date":"2025-09-02T10:45:28","date_gmt":"2025-09-02T13:45:28","guid":{"rendered":"https:\/\/mandohome.com.ar\/tienda\/?post_type=product&#038;p=2356"},"modified":"2026-04-07T16:12:11","modified_gmt":"2026-04-07T19:12:11","slug":"comoda-oriental-2","status":"publish","type":"product","link":"https:\/\/mandohome.com.ar\/tienda\/producto\/comoda-oriental-2\/","title":{"rendered":"C\u00f3moda ORIENTAL"},"content":{"rendered":"<p data-start=\"87\" data-end=\"343\"><strong data-start=\"87\" data-end=\"133\">C\u00f3moda con 3 Cajones y Tiradores Frontales<\/strong><br data-start=\"133\" data-end=\"136\" \/><strong>Dise\u00f1ada con tres cajones equipados con tiradores en el frente y gu\u00edas con cierre suave para un uso c\u00f3modo y silencioso. Cuenta con un z\u00f3calo sobresaliente en madera maciza a poro abierto que aporta estabilidad y estilo.<\/strong><\/p>\n<p data-start=\"345\" data-end=\"454\"><strong>Fabricada en madera de 18 mm y 5 mm, combinando resistencia y elegancia para complementar cualquier ambiente.<\/strong><\/p>\n<p data-start=\"345\" data-end=\"454\">Medidas:Largo 1.24mts Alto:0.71cm Profudidad:0.48cm<\/p>\n","protected":false},"excerpt":{"rendered":"<p><img loading=\"lazy\" decoding=\"async\" class=\"alignnone size-medium wp-image-1472\" src=\"https:\/\/mandohome.com.ar\/tienda\/wp-content\/uploads\/2025\/02\/mueble-Oriental-2-300x300.jpg\" alt=\"\" width=\"300\" height=\"300\" srcset=\"https:\/\/mandohome.com.ar\/tienda\/wp-content\/uploads\/2025\/02\/mueble-Oriental-2-300x300.jpg 300w, https:\/\/mandohome.com.ar\/tienda\/wp-content\/uploads\/2025\/02\/mueble-Oriental-2-1024x1024.jpg 1024w, https:\/\/mandohome.com.ar\/tienda\/wp-content\/uploads\/2025\/02\/mueble-Oriental-2-150x150.jpg 150w, https:\/\/mandohome.com.ar\/tienda\/wp-content\/uploads\/2025\/02\/mueble-Oriental-2-768x768.jpg 768w, https:\/\/mandohome.com.ar\/tienda\/wp-content\/uploads\/2025\/02\/mueble-Oriental-2-600x600.jpg 600w, https:\/\/mandohome.com.ar\/tienda\/wp-content\/uploads\/2025\/02\/mueble-Oriental-2-100x100.jpg 100w, https:\/\/mandohome.com.ar\/tienda\/wp-content\/uploads\/2025\/02\/mueble-Oriental-2.jpg 1080w\" sizes=\"auto, (max-width: 300px) 100vw, 300px\" \/><\/p>\n","protected":false},"featured_media":2780,"template":"","meta":{"_gspb_post_css":"","_uag_custom_page_level_css":"","_themeisle_gutenberg_block_has_review":false},"product_brand":[67],"product_cat":[111,107],"product_tag":[],"class_list":{"0":"post-2356","1":"product","2":"type-product","3":"status-publish","4":"has-post-thumbnail","6":"product_brand-mandohome","7":"product_cat-comodas","8":"product_cat-muebles","10":"first","11":"instock","12":"shipping-taxable","13":"product-type-external"},"uagb_featured_image_src":{"full":["https:\/\/mandohome.com.ar\/tienda\/wp-content\/uploads\/2025\/09\/ChatGPT-Image-23-feb-2026-15_39_56.png",1024,1024,false],"thumbnail":["https:\/\/mandohome.com.ar\/tienda\/wp-content\/uploads\/2025\/09\/ChatGPT-Image-23-feb-2026-15_39_56-150x150.png",150,150,true],"medium":["https:\/\/mandohome.com.ar\/tienda\/wp-content\/uploads\/2025\/09\/ChatGPT-Image-23-feb-2026-15_39_56-300x300.png",300,300,true],"medium_large":["https:\/\/mandohome.com.ar\/tienda\/wp-content\/uploads\/2025\/09\/ChatGPT-Image-23-feb-2026-15_39_56-768x768.png",768,768,true],"large":["https:\/\/mandohome.com.ar\/tienda\/wp-content\/uploads\/2025\/09\/ChatGPT-Image-23-feb-2026-15_39_56.png",1024,1024,false],"1536x1536":["https:\/\/mandohome.com.ar\/tienda\/wp-content\/uploads\/2025\/09\/ChatGPT-Image-23-feb-2026-15_39_56.png",1024,1024,false],"2048x2048":["https:\/\/mandohome.com.ar\/tienda\/wp-content\/uploads\/2025\/09\/ChatGPT-Image-23-feb-2026-15_39_56.png",1024,1024,false],"woocommerce_archive_thumbnail":["https:\/\/mandohome.com.ar\/tienda\/wp-content\/uploads\/2025\/09\/ChatGPT-Image-23-feb-2026-15_39_56-300x300.png",300,300,true],"woocommerce_thumbnail":["https:\/\/mandohome.com.ar\/tienda\/wp-content\/uploads\/2025\/09\/ChatGPT-Image-23-feb-2026-15_39_56-300x300.png",300,300,true],"woocommerce_single":["https:\/\/mandohome.com.ar\/tienda\/wp-content\/uploads\/2025\/09\/ChatGPT-Image-23-feb-2026-15_39_56-600x600.png",600,600,true],"woocommerce_gallery_thumbnail":["https:\/\/mandohome.com.ar\/tienda\/wp-content\/uploads\/2025\/09\/ChatGPT-Image-23-feb-2026-15_39_56-100x100.png",100,100,true]},"uagb_author_info":{"display_name":"CortexDigital","author_link":"https:\/\/mandohome.com.ar\/tienda\/author\/"},"uagb_comment_info":0,"uagb_excerpt":null,"jetpack_sharing_enabled":true,"_links":{"self":[{"href":"https:\/\/mandohome.com.ar\/tienda\/wp-json\/wp\/v2\/product\/2356","targetHints":{"allow":["GET"]}}],"collection":[{"href":"https:\/\/mandohome.com.ar\/tienda\/wp-json\/wp\/v2\/product"}],"about":[{"href":"https:\/\/mandohome.com.ar\/tienda\/wp-json\/wp\/v2\/types\/product"}],"wp:featuredmedia":[{"embeddable":true,"href":"https:\/\/mandohome.com.ar\/tienda\/wp-json\/wp\/v2\/media\/2780"}],"wp:attachment":[{"href":"https:\/\/mandohome.com.ar\/tienda\/wp-json\/wp\/v2\/media?parent=2356"}],"wp:term":[{"taxonomy":"product_brand","embeddable":true,"href":"https:\/\/mandohome.com.ar\/tienda\/wp-json\/wp\/v2\/product_brand?post=2356"},{"taxonomy":"product_cat","embeddable":true,"href":"https:\/\/mandohome.com.ar\/tienda\/wp-json\/wp\/v2\/product_cat?post=2356"},{"taxonomy":"product_tag","embeddable":true,"href":"https:\/\/mandohome.com.ar\/tienda\/wp-json\/wp\/v2\/product_tag?post=2356"}],"curies":[{"name":"wp","href":"https:\/\/api.w.org\/{rel}","templated":true}]}}