{"id":2374,"date":"2025-09-02T10:45:29","date_gmt":"2025-09-02T13:45:29","guid":{"rendered":"https:\/\/mandohome.com.ar\/tienda\/?post_type=product&#038;p=2374"},"modified":"2026-04-17T12:41:06","modified_gmt":"2026-04-17T15:41:06","slug":"sofa-ginebra-2","status":"publish","type":"product","link":"https:\/\/mandohome.com.ar\/tienda\/producto\/sofa-ginebra-2\/","title":{"rendered":"Sof\u00e1 GINEBRA"},"content":{"rendered":"<p data-start=\"65\" data-end=\"337\"><strong data-start=\"65\" data-end=\"101\">Sof\u00e1 modular para 5 o 6 personas<\/strong>, compuesto por <strong data-start=\"117\" data-end=\"135\">cuatro m\u00f3dulos<\/strong>: un esquinero de dos cuerpos, un div\u00e1n central, un esquinero de tres cuerpos y una cajonera baja abierta que aporta practicidad y dise\u00f1o. Incluye <strong data-start=\"282\" data-end=\"315\">siete almohadones decorativos<\/strong> para mayor confort.<\/p>\n<p data-start=\"339\" data-end=\"731\">Estructura interna en <strong data-start=\"361\" data-end=\"387\">multilaminado de 18 mm<\/strong>, tapizado con una combinaci\u00f3n de materiales de alta calidad en asientos, respaldos y apoyabrazos, y <strong data-start=\"573\" data-end=\"604\">cuero <\/strong>\u00a0e. Cajonera y patas en MDF de 18 mm, laqueadas \u00a0que aportan un toque moderno y elegante.<\/p>\n","protected":false},"excerpt":{"rendered":"<p>Sof\u00e1 modular para 5 o 6 personas, compuesto por cuatro m\u00f3dulos: un esquinero de dos cuerpos, un div\u00e1n central, un esquinero de tres cuerpos y una cajonera baja abierta que aporta practicidad y dise\u00f1o. Incluye siete almohadones decorativos para mayor confort. Estructura interna en multilaminado de 18 mm, tapizado con una combinaci\u00f3n de materiales de [&hellip;]<\/p>\n","protected":false},"featured_media":2746,"template":"","meta":{"_gspb_post_css":"","_uag_custom_page_level_css":"","_themeisle_gutenberg_block_has_review":false},"product_brand":[67],"product_cat":[107,100],"product_tag":[],"class_list":{"0":"post-2374","1":"product","2":"type-product","3":"status-publish","4":"has-post-thumbnail","6":"product_brand-mandohome","7":"product_cat-muebles","8":"product_cat-sillones","10":"first","11":"instock","12":"shipping-taxable","13":"product-type-external"},"uagb_featured_image_src":{"full":["https:\/\/mandohome.com.ar\/tienda\/wp-content\/uploads\/2025\/09\/ChatGPT-Image-23-feb-2026-13_54_18.png",1024,1024,false],"thumbnail":["https:\/\/mandohome.com.ar\/tienda\/wp-content\/uploads\/2025\/09\/ChatGPT-Image-23-feb-2026-13_54_18-150x150.png",150,150,true],"medium":["https:\/\/mandohome.com.ar\/tienda\/wp-content\/uploads\/2025\/09\/ChatGPT-Image-23-feb-2026-13_54_18-300x300.png",300,300,true],"medium_large":["https:\/\/mandohome.com.ar\/tienda\/wp-content\/uploads\/2025\/09\/ChatGPT-Image-23-feb-2026-13_54_18-768x768.png",768,768,true],"large":["https:\/\/mandohome.com.ar\/tienda\/wp-content\/uploads\/2025\/09\/ChatGPT-Image-23-feb-2026-13_54_18.png",1024,1024,false],"1536x1536":["https:\/\/mandohome.com.ar\/tienda\/wp-content\/uploads\/2025\/09\/ChatGPT-Image-23-feb-2026-13_54_18.png",1024,1024,false],"2048x2048":["https:\/\/mandohome.com.ar\/tienda\/wp-content\/uploads\/2025\/09\/ChatGPT-Image-23-feb-2026-13_54_18.png",1024,1024,false],"woocommerce_archive_thumbnail":["https:\/\/mandohome.com.ar\/tienda\/wp-content\/uploads\/2025\/09\/ChatGPT-Image-23-feb-2026-13_54_18-300x300.png",300,300,true],"woocommerce_thumbnail":["https:\/\/mandohome.com.ar\/tienda\/wp-content\/uploads\/2025\/09\/ChatGPT-Image-23-feb-2026-13_54_18-300x300.png",300,300,true],"woocommerce_single":["https:\/\/mandohome.com.ar\/tienda\/wp-content\/uploads\/2025\/09\/ChatGPT-Image-23-feb-2026-13_54_18-600x600.png",600,600,true],"woocommerce_gallery_thumbnail":["https:\/\/mandohome.com.ar\/tienda\/wp-content\/uploads\/2025\/09\/ChatGPT-Image-23-feb-2026-13_54_18-100x100.png",100,100,true]},"uagb_author_info":{"display_name":"CortexDigital","author_link":"https:\/\/mandohome.com.ar\/tienda\/author\/"},"uagb_comment_info":0,"uagb_excerpt":"Sof\u00e1 modular para 5 o 6 personas, compuesto por cuatro m\u00f3dulos: un esquinero de dos cuerpos, un div\u00e1n central, un esquinero de tres cuerpos y una cajonera baja abierta que aporta practicidad y dise\u00f1o. Incluye siete almohadones decorativos para mayor confort. Estructura interna en multilaminado de 18 mm, tapizado con una combinaci\u00f3n de materiales de&hellip;","jetpack_sharing_enabled":true,"_links":{"self":[{"href":"https:\/\/mandohome.com.ar\/tienda\/wp-json\/wp\/v2\/product\/2374","targetHints":{"allow":["GET"]}}],"collection":[{"href":"https:\/\/mandohome.com.ar\/tienda\/wp-json\/wp\/v2\/product"}],"about":[{"href":"https:\/\/mandohome.com.ar\/tienda\/wp-json\/wp\/v2\/types\/product"}],"wp:featuredmedia":[{"embeddable":true,"href":"https:\/\/mandohome.com.ar\/tienda\/wp-json\/wp\/v2\/media\/2746"}],"wp:attachment":[{"href":"https:\/\/mandohome.com.ar\/tienda\/wp-json\/wp\/v2\/media?parent=2374"}],"wp:term":[{"taxonomy":"product_brand","embeddable":true,"href":"https:\/\/mandohome.com.ar\/tienda\/wp-json\/wp\/v2\/product_brand?post=2374"},{"taxonomy":"product_cat","embeddable":true,"href":"https:\/\/mandohome.com.ar\/tienda\/wp-json\/wp\/v2\/product_cat?post=2374"},{"taxonomy":"product_tag","embeddable":true,"href":"https:\/\/mandohome.com.ar\/tienda\/wp-json\/wp\/v2\/product_tag?post=2374"}],"curies":[{"name":"wp","href":"https:\/\/api.w.org\/{rel}","templated":true}]}}