{"id":2377,"date":"2025-09-02T10:45:29","date_gmt":"2025-09-02T13:45:29","guid":{"rendered":"https:\/\/mandohome.com.ar\/tienda\/?post_type=product&#038;p=2377"},"modified":"2026-04-07T16:39:30","modified_gmt":"2026-04-07T19:39:30","slug":"sillon-global-2-cuerpos-2","status":"publish","type":"product","link":"https:\/\/mandohome.com.ar\/tienda\/producto\/sillon-global-2-cuerpos-2\/","title":{"rendered":"Sill\u00f3n Global 2 cuerpos"},"content":{"rendered":"<p><strong data-start=\"65\" data-end=\"91\">Sill\u00f3n de tres cuerpos de l\u00edneas curvas y dise\u00f1o elegante, realzado con patas cil\u00edndricas de madera laqueada que aportan calidez y estilo. Tapizado en pana de textura suave y alta resistencia, brinda una experiencia de confort superior. Su estructura interna en multilaminado de 18 mm garantiza solidez y durabilidad. Incluye cuatro almohadones decorativos a juego, perfectos para sumar confort y un toque acogedor a cualquier ambiente.<\/strong><\/p>\n","protected":false},"excerpt":{"rendered":"<p>Sill\u00f3n de tres cuerpos de l\u00edneas curvas y dise\u00f1o elegante, realzado con patas cil\u00edndricas de madera laqueada que aportan calidez y estilo. Tapizado en pana de textura suave y alta resistencia, brinda una experiencia de confort superior. Su estructura interna en multilaminado de 18 mm garantiza solidez y durabilidad. Incluye cuatro almohadones decorativos a juego, [&hellip;]<\/p>\n","protected":false},"featured_media":2741,"template":"","meta":{"_gspb_post_css":"","_uag_custom_page_level_css":"","_themeisle_gutenberg_block_has_review":false},"product_brand":[67],"product_cat":[107,100],"product_tag":[],"class_list":{"0":"post-2377","1":"product","2":"type-product","3":"status-publish","4":"has-post-thumbnail","6":"product_brand-mandohome","7":"product_cat-muebles","8":"product_cat-sillones","10":"first","11":"instock","12":"shipping-taxable","13":"product-type-external"},"uagb_featured_image_src":{"full":["https:\/\/mandohome.com.ar\/tienda\/wp-content\/uploads\/2025\/09\/ChatGPT-Image-21-feb-2026-14_42_19.png",1536,1024,false],"thumbnail":["https:\/\/mandohome.com.ar\/tienda\/wp-content\/uploads\/2025\/09\/ChatGPT-Image-21-feb-2026-14_42_19-150x150.png",150,150,true],"medium":["https:\/\/mandohome.com.ar\/tienda\/wp-content\/uploads\/2025\/09\/ChatGPT-Image-21-feb-2026-14_42_19-300x200.png",300,200,true],"medium_large":["https:\/\/mandohome.com.ar\/tienda\/wp-content\/uploads\/2025\/09\/ChatGPT-Image-21-feb-2026-14_42_19-768x512.png",768,512,true],"large":["https:\/\/mandohome.com.ar\/tienda\/wp-content\/uploads\/2025\/09\/ChatGPT-Image-21-feb-2026-14_42_19-1024x683.png",1024,683,true],"1536x1536":["https:\/\/mandohome.com.ar\/tienda\/wp-content\/uploads\/2025\/09\/ChatGPT-Image-21-feb-2026-14_42_19.png",1536,1024,false],"2048x2048":["https:\/\/mandohome.com.ar\/tienda\/wp-content\/uploads\/2025\/09\/ChatGPT-Image-21-feb-2026-14_42_19.png",1536,1024,false],"woocommerce_archive_thumbnail":["https:\/\/mandohome.com.ar\/tienda\/wp-content\/uploads\/2025\/09\/ChatGPT-Image-21-feb-2026-14_42_19-300x200.png",300,200,true],"woocommerce_thumbnail":["https:\/\/mandohome.com.ar\/tienda\/wp-content\/uploads\/2025\/09\/ChatGPT-Image-21-feb-2026-14_42_19-300x300.png",300,300,true],"woocommerce_single":["https:\/\/mandohome.com.ar\/tienda\/wp-content\/uploads\/2025\/09\/ChatGPT-Image-21-feb-2026-14_42_19-600x400.png",600,400,true],"woocommerce_gallery_thumbnail":["https:\/\/mandohome.com.ar\/tienda\/wp-content\/uploads\/2025\/09\/ChatGPT-Image-21-feb-2026-14_42_19-100x100.png",100,100,true]},"uagb_author_info":{"display_name":"CortexDigital","author_link":"https:\/\/mandohome.com.ar\/tienda\/author\/"},"uagb_comment_info":0,"uagb_excerpt":"Sill\u00f3n de tres cuerpos de l\u00edneas curvas y dise\u00f1o elegante, realzado con patas cil\u00edndricas de madera laqueada que aportan calidez y estilo. Tapizado en pana de textura suave y alta resistencia, brinda una experiencia de confort superior. Su estructura interna en multilaminado de 18 mm garantiza solidez y durabilidad. Incluye cuatro almohadones decorativos a juego,&hellip;","jetpack_sharing_enabled":true,"_links":{"self":[{"href":"https:\/\/mandohome.com.ar\/tienda\/wp-json\/wp\/v2\/product\/2377","targetHints":{"allow":["GET"]}}],"collection":[{"href":"https:\/\/mandohome.com.ar\/tienda\/wp-json\/wp\/v2\/product"}],"about":[{"href":"https:\/\/mandohome.com.ar\/tienda\/wp-json\/wp\/v2\/types\/product"}],"wp:featuredmedia":[{"embeddable":true,"href":"https:\/\/mandohome.com.ar\/tienda\/wp-json\/wp\/v2\/media\/2741"}],"wp:attachment":[{"href":"https:\/\/mandohome.com.ar\/tienda\/wp-json\/wp\/v2\/media?parent=2377"}],"wp:term":[{"taxonomy":"product_brand","embeddable":true,"href":"https:\/\/mandohome.com.ar\/tienda\/wp-json\/wp\/v2\/product_brand?post=2377"},{"taxonomy":"product_cat","embeddable":true,"href":"https:\/\/mandohome.com.ar\/tienda\/wp-json\/wp\/v2\/product_cat?post=2377"},{"taxonomy":"product_tag","embeddable":true,"href":"https:\/\/mandohome.com.ar\/tienda\/wp-json\/wp\/v2\/product_tag?post=2377"}],"curies":[{"name":"wp","href":"https:\/\/api.w.org\/{rel}","templated":true}]}}