{"id":2380,"date":"2025-09-02T10:45:31","date_gmt":"2025-09-02T13:45:31","guid":{"rendered":"https:\/\/mandohome.com.ar\/tienda\/?post_type=product&#038;p=2380"},"modified":"2026-04-07T16:37:16","modified_gmt":"2026-04-07T19:37:16","slug":"sillon-renzo-2","status":"publish","type":"product","link":"https:\/\/mandohome.com.ar\/tienda\/producto\/sillon-renzo-2\/","title":{"rendered":"Sill\u00f3n Renzo"},"content":{"rendered":"<p data-start=\"83\" data-end=\"326\"><strong data-start=\"83\" data-end=\"326\">Sill\u00f3n de 3 cuerpos con respaldos m\u00f3viles individualmente ajustables en dos posiciones, acompa\u00f1ado de un div\u00e1n con respaldo y un puff. Tapizado en tela Aspen Acero con tratamiento antimanchas, que combina durabilidad y f\u00e1cil mantenimiento.<\/strong><\/p>\n<p data-start=\"328\" data-end=\"524\"><strong data-start=\"328\" data-end=\"524\">Estructura interna de multilaminado de 18 mm y apoyos en piezas de madera maciza laqueada en color gris, que garantizan resistencia y estilo. Incluye 4 almohadones para mayor confort y dise\u00f1o.<\/strong><\/p>\n<p>&nbsp;<\/p>\n","protected":false},"excerpt":{"rendered":"<p>Sill\u00f3n de 3 cuerpos con respaldos m\u00f3viles individualmente ajustables en dos posiciones, acompa\u00f1ado de un div\u00e1n con respaldo y un puff. Tapizado en tela Aspen Acero con tratamiento antimanchas, que combina durabilidad y f\u00e1cil mantenimiento. Estructura interna de multilaminado de 18 mm y apoyos en piezas de madera maciza laqueada en color gris, que garantizan [&hellip;]<\/p>\n","protected":false},"featured_media":2738,"template":"","meta":{"_gspb_post_css":"","_uag_custom_page_level_css":"","_themeisle_gutenberg_block_has_review":false},"product_brand":[67],"product_cat":[107,100],"product_tag":[],"class_list":{"0":"post-2380","1":"product","2":"type-product","3":"status-publish","4":"has-post-thumbnail","6":"product_brand-mandohome","7":"product_cat-muebles","8":"product_cat-sillones","10":"first","11":"instock","12":"shipping-taxable","13":"product-type-external"},"uagb_featured_image_src":{"full":["https:\/\/mandohome.com.ar\/tienda\/wp-content\/uploads\/2025\/09\/ChatGPT-Image-20-feb-2026-16_06_13.png",1536,1024,false],"thumbnail":["https:\/\/mandohome.com.ar\/tienda\/wp-content\/uploads\/2025\/09\/ChatGPT-Image-20-feb-2026-16_06_13-150x150.png",150,150,true],"medium":["https:\/\/mandohome.com.ar\/tienda\/wp-content\/uploads\/2025\/09\/ChatGPT-Image-20-feb-2026-16_06_13-300x200.png",300,200,true],"medium_large":["https:\/\/mandohome.com.ar\/tienda\/wp-content\/uploads\/2025\/09\/ChatGPT-Image-20-feb-2026-16_06_13-768x512.png",768,512,true],"large":["https:\/\/mandohome.com.ar\/tienda\/wp-content\/uploads\/2025\/09\/ChatGPT-Image-20-feb-2026-16_06_13-1024x683.png",1024,683,true],"1536x1536":["https:\/\/mandohome.com.ar\/tienda\/wp-content\/uploads\/2025\/09\/ChatGPT-Image-20-feb-2026-16_06_13.png",1536,1024,false],"2048x2048":["https:\/\/mandohome.com.ar\/tienda\/wp-content\/uploads\/2025\/09\/ChatGPT-Image-20-feb-2026-16_06_13.png",1536,1024,false],"woocommerce_archive_thumbnail":["https:\/\/mandohome.com.ar\/tienda\/wp-content\/uploads\/2025\/09\/ChatGPT-Image-20-feb-2026-16_06_13-300x200.png",300,200,true],"woocommerce_thumbnail":["https:\/\/mandohome.com.ar\/tienda\/wp-content\/uploads\/2025\/09\/ChatGPT-Image-20-feb-2026-16_06_13-300x300.png",300,300,true],"woocommerce_single":["https:\/\/mandohome.com.ar\/tienda\/wp-content\/uploads\/2025\/09\/ChatGPT-Image-20-feb-2026-16_06_13-600x400.png",600,400,true],"woocommerce_gallery_thumbnail":["https:\/\/mandohome.com.ar\/tienda\/wp-content\/uploads\/2025\/09\/ChatGPT-Image-20-feb-2026-16_06_13-100x100.png",100,100,true]},"uagb_author_info":{"display_name":"CortexDigital","author_link":"https:\/\/mandohome.com.ar\/tienda\/author\/"},"uagb_comment_info":0,"uagb_excerpt":"Sill\u00f3n de 3 cuerpos con respaldos m\u00f3viles individualmente ajustables en dos posiciones, acompa\u00f1ado de un div\u00e1n con respaldo y un puff. Tapizado en tela Aspen Acero con tratamiento antimanchas, que combina durabilidad y f\u00e1cil mantenimiento. Estructura interna de multilaminado de 18 mm y apoyos en piezas de madera maciza laqueada en color gris, que garantizan&hellip;","jetpack_sharing_enabled":true,"_links":{"self":[{"href":"https:\/\/mandohome.com.ar\/tienda\/wp-json\/wp\/v2\/product\/2380","targetHints":{"allow":["GET"]}}],"collection":[{"href":"https:\/\/mandohome.com.ar\/tienda\/wp-json\/wp\/v2\/product"}],"about":[{"href":"https:\/\/mandohome.com.ar\/tienda\/wp-json\/wp\/v2\/types\/product"}],"wp:featuredmedia":[{"embeddable":true,"href":"https:\/\/mandohome.com.ar\/tienda\/wp-json\/wp\/v2\/media\/2738"}],"wp:attachment":[{"href":"https:\/\/mandohome.com.ar\/tienda\/wp-json\/wp\/v2\/media?parent=2380"}],"wp:term":[{"taxonomy":"product_brand","embeddable":true,"href":"https:\/\/mandohome.com.ar\/tienda\/wp-json\/wp\/v2\/product_brand?post=2380"},{"taxonomy":"product_cat","embeddable":true,"href":"https:\/\/mandohome.com.ar\/tienda\/wp-json\/wp\/v2\/product_cat?post=2380"},{"taxonomy":"product_tag","embeddable":true,"href":"https:\/\/mandohome.com.ar\/tienda\/wp-json\/wp\/v2\/product_tag?post=2380"}],"curies":[{"name":"wp","href":"https:\/\/api.w.org\/{rel}","templated":true}]}}