{"id":2387,"date":"2025-09-02T10:45:31","date_gmt":"2025-09-02T13:45:31","guid":{"rendered":"https:\/\/mandohome.com.ar\/tienda\/?post_type=product&#038;p=2387"},"modified":"2026-04-23T16:58:40","modified_gmt":"2026-04-23T19:58:40","slug":"mesa-de-luz-jacobsen-2","status":"publish","type":"product","link":"https:\/\/mandohome.com.ar\/tienda\/producto\/mesa-de-luz-jacobsen-2\/","title":{"rendered":"Mesa de luz JACOBSEN"},"content":{"rendered":"<p data-start=\"67\" data-end=\"251\"><strong data-start=\"67\" data-end=\"251\">Mesa de luz central con dise\u00f1o funcional y moderno. Cuenta con 6 cajones con apertura por rebaje frontal y gu\u00edas ocultas con cierre suave, que garantizan comodidad y silenciosidad.<\/strong><\/p>\n<p data-start=\"253\" data-end=\"488\"><strong data-start=\"253\" data-end=\"488\">Fabricada en mdf de 18 mm laqueado en color\u00a0 semi mate, combina elegancia y resistencia. Sus patas met\u00e1licas de ca\u00f1o redondo en color negro aportan estabilidad y un toque contempor\u00e1neo ideal para cualquier dormitorio.\u00a0 Medidas de ancho 1,00 mts por 0,55 cm de alto\u00a0 con una profundidad de 0,45 cm.\u00a0<\/strong><\/p>\n","protected":false},"excerpt":{"rendered":"<p>Mesa de luz central con dise\u00f1o funcional y moderno. Cuenta con 6 cajones con apertura por rebaje frontal y gu\u00edas ocultas con cierre suave, que garantizan comodidad y silenciosidad. Fabricada en mdf de 18 mm laqueado en color\u00a0 semi mate, combina elegancia y resistencia. Sus patas met\u00e1licas de ca\u00f1o redondo en color negro aportan estabilidad [&hellip;]<\/p>\n","protected":false},"featured_media":2729,"template":"","meta":{"_gspb_post_css":"","_uag_custom_page_level_css":"","_themeisle_gutenberg_block_has_review":false},"product_brand":[67],"product_cat":[62,91,108,107],"product_tag":[],"class_list":{"0":"post-2387","1":"product","2":"type-product","3":"status-publish","4":"has-post-thumbnail","6":"product_brand-mandohome","7":"product_cat-dormitorio","8":"product_cat-mesas","9":"product_cat-mesas-de-luz","10":"product_cat-muebles","12":"first","13":"instock","14":"shipping-taxable","15":"product-type-external"},"uagb_featured_image_src":{"full":["https:\/\/mandohome.com.ar\/tienda\/wp-content\/uploads\/2025\/09\/ChatGPT-Image-20-feb-2026-15_33_27.png",1024,1024,false],"thumbnail":["https:\/\/mandohome.com.ar\/tienda\/wp-content\/uploads\/2025\/09\/ChatGPT-Image-20-feb-2026-15_33_27-150x150.png",150,150,true],"medium":["https:\/\/mandohome.com.ar\/tienda\/wp-content\/uploads\/2025\/09\/ChatGPT-Image-20-feb-2026-15_33_27-300x300.png",300,300,true],"medium_large":["https:\/\/mandohome.com.ar\/tienda\/wp-content\/uploads\/2025\/09\/ChatGPT-Image-20-feb-2026-15_33_27-768x768.png",768,768,true],"large":["https:\/\/mandohome.com.ar\/tienda\/wp-content\/uploads\/2025\/09\/ChatGPT-Image-20-feb-2026-15_33_27.png",1024,1024,false],"1536x1536":["https:\/\/mandohome.com.ar\/tienda\/wp-content\/uploads\/2025\/09\/ChatGPT-Image-20-feb-2026-15_33_27.png",1024,1024,false],"2048x2048":["https:\/\/mandohome.com.ar\/tienda\/wp-content\/uploads\/2025\/09\/ChatGPT-Image-20-feb-2026-15_33_27.png",1024,1024,false],"woocommerce_archive_thumbnail":["https:\/\/mandohome.com.ar\/tienda\/wp-content\/uploads\/2025\/09\/ChatGPT-Image-20-feb-2026-15_33_27-300x300.png",300,300,true],"woocommerce_thumbnail":["https:\/\/mandohome.com.ar\/tienda\/wp-content\/uploads\/2025\/09\/ChatGPT-Image-20-feb-2026-15_33_27-300x300.png",300,300,true],"woocommerce_single":["https:\/\/mandohome.com.ar\/tienda\/wp-content\/uploads\/2025\/09\/ChatGPT-Image-20-feb-2026-15_33_27-600x600.png",600,600,true],"woocommerce_gallery_thumbnail":["https:\/\/mandohome.com.ar\/tienda\/wp-content\/uploads\/2025\/09\/ChatGPT-Image-20-feb-2026-15_33_27-100x100.png",100,100,true]},"uagb_author_info":{"display_name":"CortexDigital","author_link":"https:\/\/mandohome.com.ar\/tienda\/author\/"},"uagb_comment_info":0,"uagb_excerpt":"Mesa de luz central con dise\u00f1o funcional y moderno. Cuenta con 6 cajones con apertura por rebaje frontal y gu\u00edas ocultas con cierre suave, que garantizan comodidad y silenciosidad. Fabricada en mdf de 18 mm laqueado en color\u00a0 semi mate, combina elegancia y resistencia. Sus patas met\u00e1licas de ca\u00f1o redondo en color negro aportan estabilidad&hellip;","jetpack_sharing_enabled":true,"_links":{"self":[{"href":"https:\/\/mandohome.com.ar\/tienda\/wp-json\/wp\/v2\/product\/2387","targetHints":{"allow":["GET"]}}],"collection":[{"href":"https:\/\/mandohome.com.ar\/tienda\/wp-json\/wp\/v2\/product"}],"about":[{"href":"https:\/\/mandohome.com.ar\/tienda\/wp-json\/wp\/v2\/types\/product"}],"wp:featuredmedia":[{"embeddable":true,"href":"https:\/\/mandohome.com.ar\/tienda\/wp-json\/wp\/v2\/media\/2729"}],"wp:attachment":[{"href":"https:\/\/mandohome.com.ar\/tienda\/wp-json\/wp\/v2\/media?parent=2387"}],"wp:term":[{"taxonomy":"product_brand","embeddable":true,"href":"https:\/\/mandohome.com.ar\/tienda\/wp-json\/wp\/v2\/product_brand?post=2387"},{"taxonomy":"product_cat","embeddable":true,"href":"https:\/\/mandohome.com.ar\/tienda\/wp-json\/wp\/v2\/product_cat?post=2387"},{"taxonomy":"product_tag","embeddable":true,"href":"https:\/\/mandohome.com.ar\/tienda\/wp-json\/wp\/v2\/product_tag?post=2387"}],"curies":[{"name":"wp","href":"https:\/\/api.w.org\/{rel}","templated":true}]}}

<p data-start="67" data-end="251"><strong data-start="67" data-end="251">Mesa de luz central con diseño funcional y moderno. Cuenta con 6 cajones con apertura por rebaje frontal y guías ocultas con cierre suave, que garantizan comodidad y silenciosidad.</strong></p>
<p data-start="253" data-end="488"><strong data-start="253" data-end="488">Fabricada en mdf de 18 mm laqueado en color  semi mate, combina elegancia y resistencia. Sus patas metálicas de caño redondo en color negro aportan estabilidad y un toque contemporáneo ideal para cualquier dormitorio.  Medidas de ancho 1,00 mts por 0,55 cm de alto  con una profundidad de 0,45 cm. </strong></p>

<p>Mesa de luz central con diseño funcional y moderno. Cuenta con 6 cajones con apertura por rebaje frontal y guías ocultas con cierre suave, que garantizan comodidad y silenciosidad. Fabricada en mdf de 18 mm laqueado en color  semi mate, combina elegancia y resistencia. Sus patas metálicas de caño redondo en color negro aportan estabilidad [&hellip;]</p>

Mesa de luz central con diseño funcional y moderno. Cuenta con 6 cajones con apertura por rebaje frontal y guías ocultas con cierre suave, que garantizan comodidad y silenciosidad. Fabricada en mdf de 18 mm laqueado en color  semi mate, combina elegancia y resistencia. Sus patas metálicas de caño redondo en color negro aportan estabilidad&hellip;
