{"id":2391,"date":"2025-09-02T10:45:31","date_gmt":"2025-09-02T13:45:31","guid":{"rendered":"https:\/\/mandohome.com.ar\/tienda\/?post_type=product&#038;p=2391"},"modified":"2026-04-10T13:32:23","modified_gmt":"2026-04-10T16:32:23","slug":"respaldo-cama-nouvel-2","status":"publish","type":"product","link":"https:\/\/mandohome.com.ar\/tienda\/producto\/respaldo-cama-nouvel-2\/","title":{"rendered":"Respaldo de Cama Nouvel"},"content":{"rendered":"<p data-start=\"59\" data-end=\"362\"><strong data-start=\"59\" data-end=\"362\">Respaldo acolchonado, compuesto por m\u00f3dulos con formas semicirculares en la parte superior, tapizados en pana. Cuenta con iluminaci\u00f3n integrada mediante tira LED continua de luz blanca c\u00e1lida, controlada por una tecla oculta para mayor comodidad.<\/strong><\/p>\n<p data-start=\"364\" data-end=\"562\"><strong data-start=\"364\" data-end=\"562\">La estructura de soporte y z\u00f3calos est\u00e1n fabricados en mdf de 18 mm laqueado en color semi mate, combinando funcionalidad, estilo y confort para el dormitorio.<\/strong><\/p>\n<p data-start=\"364\" data-end=\"562\"><strong>Cotizaci\u00f3n por metro lineal, que cuenta con un alto de 1,20mts<\/strong><\/p>\n<p data-start=\"364\" data-end=\"562\"><strong>(sin cama incluida)<\/strong><\/p>\n","protected":false},"excerpt":{"rendered":"<p>Respaldo acolchonado, compuesto por m\u00f3dulos con formas semicirculares en la parte superior, tapizados en pana. Cuenta con iluminaci\u00f3n integrada mediante tira LED continua de luz blanca c\u00e1lida, controlada por una tecla oculta para mayor comodidad. La estructura de soporte y z\u00f3calos est\u00e1n fabricados en mdf de 18 mm laqueado en color semi mate, combinando funcionalidad, [&hellip;]<\/p>\n","protected":false},"featured_media":2724,"template":"","meta":{"_gspb_post_css":"","_uag_custom_page_level_css":"","_themeisle_gutenberg_block_has_review":false},"product_brand":[67],"product_cat":[62,94],"product_tag":[],"class_list":{"0":"post-2391","1":"product","2":"type-product","3":"status-publish","4":"has-post-thumbnail","6":"product_brand-mandohome","7":"product_cat-dormitorio","8":"product_cat-respaldos","10":"first","11":"instock","12":"shipping-taxable","13":"product-type-external"},"uagb_featured_image_src":{"full":["https:\/\/mandohome.com.ar\/tienda\/wp-content\/uploads\/2025\/09\/WhatsApp-Image-2026-02-18-at-17.38.54.jpeg",1024,1024,false],"thumbnail":["https:\/\/mandohome.com.ar\/tienda\/wp-content\/uploads\/2025\/09\/WhatsApp-Image-2026-02-18-at-17.38.54-150x150.jpeg",150,150,true],"medium":["https:\/\/mandohome.com.ar\/tienda\/wp-content\/uploads\/2025\/09\/WhatsApp-Image-2026-02-18-at-17.38.54-300x300.jpeg",300,300,true],"medium_large":["https:\/\/mandohome.com.ar\/tienda\/wp-content\/uploads\/2025\/09\/WhatsApp-Image-2026-02-18-at-17.38.54-768x768.jpeg",768,768,true],"large":["https:\/\/mandohome.com.ar\/tienda\/wp-content\/uploads\/2025\/09\/WhatsApp-Image-2026-02-18-at-17.38.54.jpeg",1024,1024,false],"1536x1536":["https:\/\/mandohome.com.ar\/tienda\/wp-content\/uploads\/2025\/09\/WhatsApp-Image-2026-02-18-at-17.38.54.jpeg",1024,1024,false],"2048x2048":["https:\/\/mandohome.com.ar\/tienda\/wp-content\/uploads\/2025\/09\/WhatsApp-Image-2026-02-18-at-17.38.54.jpeg",1024,1024,false],"woocommerce_archive_thumbnail":["https:\/\/mandohome.com.ar\/tienda\/wp-content\/uploads\/2025\/09\/WhatsApp-Image-2026-02-18-at-17.38.54-300x300.jpeg",300,300,true],"woocommerce_thumbnail":["https:\/\/mandohome.com.ar\/tienda\/wp-content\/uploads\/2025\/09\/WhatsApp-Image-2026-02-18-at-17.38.54-300x300.jpeg",300,300,true],"woocommerce_single":["https:\/\/mandohome.com.ar\/tienda\/wp-content\/uploads\/2025\/09\/WhatsApp-Image-2026-02-18-at-17.38.54-600x600.jpeg",600,600,true],"woocommerce_gallery_thumbnail":["https:\/\/mandohome.com.ar\/tienda\/wp-content\/uploads\/2025\/09\/WhatsApp-Image-2026-02-18-at-17.38.54-100x100.jpeg",100,100,true]},"uagb_author_info":{"display_name":"CortexDigital","author_link":"https:\/\/mandohome.com.ar\/tienda\/author\/"},"uagb_comment_info":0,"uagb_excerpt":"Respaldo acolchonado, compuesto por m\u00f3dulos con formas semicirculares en la parte superior, tapizados en pana. Cuenta con iluminaci\u00f3n integrada mediante tira LED continua de luz blanca c\u00e1lida, controlada por una tecla oculta para mayor comodidad. La estructura de soporte y z\u00f3calos est\u00e1n fabricados en mdf de 18 mm laqueado en color semi mate, combinando funcionalidad,&hellip;","jetpack_sharing_enabled":true,"_links":{"self":[{"href":"https:\/\/mandohome.com.ar\/tienda\/wp-json\/wp\/v2\/product\/2391","targetHints":{"allow":["GET"]}}],"collection":[{"href":"https:\/\/mandohome.com.ar\/tienda\/wp-json\/wp\/v2\/product"}],"about":[{"href":"https:\/\/mandohome.com.ar\/tienda\/wp-json\/wp\/v2\/types\/product"}],"wp:featuredmedia":[{"embeddable":true,"href":"https:\/\/mandohome.com.ar\/tienda\/wp-json\/wp\/v2\/media\/2724"}],"wp:attachment":[{"href":"https:\/\/mandohome.com.ar\/tienda\/wp-json\/wp\/v2\/media?parent=2391"}],"wp:term":[{"taxonomy":"product_brand","embeddable":true,"href":"https:\/\/mandohome.com.ar\/tienda\/wp-json\/wp\/v2\/product_brand?post=2391"},{"taxonomy":"product_cat","embeddable":true,"href":"https:\/\/mandohome.com.ar\/tienda\/wp-json\/wp\/v2\/product_cat?post=2391"},{"taxonomy":"product_tag","embeddable":true,"href":"https:\/\/mandohome.com.ar\/tienda\/wp-json\/wp\/v2\/product_tag?post=2391"}],"curies":[{"name":"wp","href":"https:\/\/api.w.org\/{rel}","templated":true}]}}