{"id":2825,"date":"2026-02-27T15:57:18","date_gmt":"2026-02-27T18:57:18","guid":{"rendered":"https:\/\/mandohome.com.ar\/tienda\/?post_type=product&#038;p=2825"},"modified":"2026-04-07T16:36:05","modified_gmt":"2026-04-07T19:36:05","slug":"sillon-sicilia","status":"publish","type":"product","link":"https:\/\/mandohome.com.ar\/tienda\/producto\/sillon-sicilia\/","title":{"rendered":"Sill\u00f3n SICILIA"},"content":{"rendered":"<p>Sillon Modular Sicilia , dividido en tres m\u00f3dulos independientes y tapizado en tela antimanchas Gris claro. Incluye 8 almohadones para m\u00e1ximo confort y estilo.<br \/>\nCuenta con 3 Apoya cabeza reclinable. Medidas: Largo\u00a0 total: 2.90 x 0.90<\/p>\n","protected":false},"excerpt":{"rendered":"<p>Sillon Modular Sicilia , dividido en tres m\u00f3dulos independientes y tapizado en tela antimanchas Gris claro. Incluye 8 almohadones para m\u00e1ximo confort y estilo. Cuenta con 3 Apoya cabeza reclinable. Medidas: Largo\u00a0 total: 2.90 x 0.90<\/p>\n","protected":false},"featured_media":2826,"template":"","meta":{"_gspb_post_css":"","_uag_custom_page_level_css":"","_themeisle_gutenberg_block_has_review":false},"product_brand":[67],"product_cat":[107,100],"product_tag":[],"class_list":{"0":"post-2825","1":"product","2":"type-product","3":"status-publish","4":"has-post-thumbnail","6":"product_brand-mandohome","7":"product_cat-muebles","8":"product_cat-sillones","10":"first","11":"instock","12":"shipping-taxable","13":"purchasable","14":"product-type-simple"},"uagb_featured_image_src":{"full":["https:\/\/mandohome.com.ar\/tienda\/wp-content\/uploads\/2026\/02\/ChatGPT-Image-27-feb-2026-15_45_05.png",1536,1024,false],"thumbnail":["https:\/\/mandohome.com.ar\/tienda\/wp-content\/uploads\/2026\/02\/ChatGPT-Image-27-feb-2026-15_45_05-150x150.png",150,150,true],"medium":["https:\/\/mandohome.com.ar\/tienda\/wp-content\/uploads\/2026\/02\/ChatGPT-Image-27-feb-2026-15_45_05-300x200.png",300,200,true],"medium_large":["https:\/\/mandohome.com.ar\/tienda\/wp-content\/uploads\/2026\/02\/ChatGPT-Image-27-feb-2026-15_45_05-768x512.png",768,512,true],"large":["https:\/\/mandohome.com.ar\/tienda\/wp-content\/uploads\/2026\/02\/ChatGPT-Image-27-feb-2026-15_45_05-1024x683.png",1024,683,true],"1536x1536":["https:\/\/mandohome.com.ar\/tienda\/wp-content\/uploads\/2026\/02\/ChatGPT-Image-27-feb-2026-15_45_05.png",1536,1024,false],"2048x2048":["https:\/\/mandohome.com.ar\/tienda\/wp-content\/uploads\/2026\/02\/ChatGPT-Image-27-feb-2026-15_45_05.png",1536,1024,false],"woocommerce_archive_thumbnail":["https:\/\/mandohome.com.ar\/tienda\/wp-content\/uploads\/2026\/02\/ChatGPT-Image-27-feb-2026-15_45_05-300x200.png",300,200,true],"woocommerce_thumbnail":["https:\/\/mandohome.com.ar\/tienda\/wp-content\/uploads\/2026\/02\/ChatGPT-Image-27-feb-2026-15_45_05-300x300.png",300,300,true],"woocommerce_single":["https:\/\/mandohome.com.ar\/tienda\/wp-content\/uploads\/2026\/02\/ChatGPT-Image-27-feb-2026-15_45_05-600x400.png",600,400,true],"woocommerce_gallery_thumbnail":["https:\/\/mandohome.com.ar\/tienda\/wp-content\/uploads\/2026\/02\/ChatGPT-Image-27-feb-2026-15_45_05-100x100.png",100,100,true]},"uagb_author_info":{"display_name":"Manuel Doldan","author_link":"https:\/\/mandohome.com.ar\/tienda\/author\/"},"uagb_comment_info":0,"uagb_excerpt":"Sillon Modular Sicilia , dividido en tres m\u00f3dulos independientes y tapizado en tela antimanchas Gris claro. Incluye 8 almohadones para m\u00e1ximo confort y estilo. Cuenta con 3 Apoya cabeza reclinable. Medidas: Largo\u00a0 total: 2.90 x 0.90","jetpack_sharing_enabled":true,"_links":{"self":[{"href":"https:\/\/mandohome.com.ar\/tienda\/wp-json\/wp\/v2\/product\/2825","targetHints":{"allow":["GET"]}}],"collection":[{"href":"https:\/\/mandohome.com.ar\/tienda\/wp-json\/wp\/v2\/product"}],"about":[{"href":"https:\/\/mandohome.com.ar\/tienda\/wp-json\/wp\/v2\/types\/product"}],"wp:featuredmedia":[{"embeddable":true,"href":"https:\/\/mandohome.com.ar\/tienda\/wp-json\/wp\/v2\/media\/2826"}],"wp:attachment":[{"href":"https:\/\/mandohome.com.ar\/tienda\/wp-json\/wp\/v2\/media?parent=2825"}],"wp:term":[{"taxonomy":"product_brand","embeddable":true,"href":"https:\/\/mandohome.com.ar\/tienda\/wp-json\/wp\/v2\/product_brand?post=2825"},{"taxonomy":"product_cat","embeddable":true,"href":"https:\/\/mandohome.com.ar\/tienda\/wp-json\/wp\/v2\/product_cat?post=2825"},{"taxonomy":"product_tag","embeddable":true,"href":"https:\/\/mandohome.com.ar\/tienda\/wp-json\/wp\/v2\/product_tag?post=2825"}],"curies":[{"name":"wp","href":"https:\/\/api.w.org\/{rel}","templated":true}]}}